, 3*d = 2*k + 3*k + 38. Let x(j) = -j**3 + 6*j**2 + 7*j - 17. What is the remainder when x(d) is divided by 15?
10
Let i(s) = -s**3 - 13*s**2 - 25*s - 17. Calculate the remainder when 33 is divided by i(-11).
1
Suppose 780 = 25*j + j. Suppose -8 = 3*y - 4*v, -4*v = -0*y + 5*y - 8. Suppose 3*q - 33 = -y*q. What is the remainder when j is divided by q?
8
Suppose 116 = 4*q + 9*c - 4*c, -q + 4*c + 8 = 0. Let o(j) = 2*j - 3. Let h be 1/((7/(-6))/(-7)). Calculate the remainder when q is divided by o(h).
6
Let b = 19 - -33. Suppose -2*s + 6*s - 5*y - b = 0, 52 = 4*s + 5*y. Calculate the remainder when 127 is divided by s.
10
Suppose -3*p - 5*a - 373 = 0, 2*a - 3*a + 266 = -2*p. Let k = -126 - p. What is the remainder when 9 is divided by k?
4
Suppose -2*y - 241 = 251 - 552. Suppose 0 = j - 5 - 0. Suppose j*q = 82 - 2. What is the remainder when y is divided by q?
14
Let z(s) = s**2 + 1 + 9 + 8*s - 7 - 4*s. Calculate the remainder when 13*(-2 - -3*1) is divided by z(-5).
5
Let s be (-1)/(8/284)*-2. Suppose s = 12*v - 181. Calculate the remainder when v is divided by 12 - 3/(-9)*-3.
10
Suppose 0 = 5*u - 10 + 40. Calculate the remainder when 32 is divided by (-4)/2*51/u.
15
Suppose 114 = 5*s - 4*g + 3*g, 0 = 4*g - 4. Let h = 25 - 43. Let i = h + 24. What is the remainder when s is divided by i?
5
What is the remainder when (-23660)/156*3/(-5) is divided by 45?
1
Let m = -680 + 752. Calculate the remainder when m is divided by 23.
3
Suppose -72*z = -70*z - 70. Calculate the remainder when z is divided by 21.
14
Suppose 2*z - 4*z - 2 = 0, -k - 2*z - 18 = 0. Let n(u) = u**2 + 15*u - 21. Let j be n(k). Calculate the remainder when 14 is divided by j*(24/(-5) - -4).
2
Let k = 343 - 327. What is the remainder when 59 is divided by k?
11
Suppose 0 = -5*c + 5*n, c - 6*c = 2*n. Let w(t) = 8*t + 7. What is the remainder when 12 is divided by w(c)?
5
Suppose -w = c - 6, 4*w - 36 + 10 = -2*c. Suppose -2*v - 165 = -w*v. Calculate the remainder when v is divided by 1/(-2) + (-100)/(-8).
9
Let k = 11 - 4. Let t(q) = -q + 197 + 9*q**2 + 0*q - q**3 - 190. Calculate the remainder when t(k) is divided by 25.
23
Suppose 11*b - 15*b = -3*i + 258, -4*i + 316 = 4*b. What is the remainder when i is divided by 8?
2
Let w(a) = -a**2 - 13*a - 5. Let h = -55 - -45. Calculate the remainder when 46 is divided by w(h).
21
Let v = 0 + 1. Let t be v - (3 + 6/(-3)). Suppose t = 4*a - 6 - 6. What is the remainder when 7 is divided by a?
1
Let y = 21 - 17. Suppose -j = -28 + y. What is the remainder when 71 is divided by j?
23
Suppose -3*g = 4*y - 457, g + 2*y = -83 + 238. Suppose 4*l - g + 11 = 0. What is the remainder when l is divided by 18?
16
Let n = -24 + 35. Let x(w) = w + 1. Let k be x(1). What is the remainder when k/(-5) + (-1064)/(-35) is divided by n?
8
Let d(y) = -7*y + 10. Let s be d(9). Suppose 0 = w + w - 38. Calculate the remainder when 2*s/(-2) - -3 is divided by w.
18
Calculate the remainder when 1237 is divided by (-3 - -5)*(93/6 + -2).
22
Let f = 4 - 4. Suppose 3*x + f = 3, -4*z + 99 = 3*x. Suppose c - 81 = -3*p - p, -3*c = 5*p - 264. What is the remainder when c is divided by z?
21
Suppose 2*g - 4*o = -3*o + 28, 2*g - 12 = -3*o. Suppose 4*j - 4*n + 2 = 66, j + 3*n - g = 0. Let b = -25 + 52. What is the remainder when b is divided by j?
12
Suppose -1747 + 37 = -19*s. Calculate the remainder when 527 is divided by s.
77
Let k = 1 - -5. Let r(l) = l**3 - 5*l**2 + 5*l - 2. Let z be r(4). Let y = 2 + z. Calculate the remainder when k is divided by y.
2
Suppose 21*q - 2256 = -3*q. Calculate the remainder when 938 is divided by q.
92
Let a(o) = -14 + o**2 - 2*o**2 + 12*o - 5*o + 5. Let x be a(7). Calculate the remainder when 29 is divided by (-87)/x + 1/3.
9
Let j(w) = 26*w - 99. Calculate the remainder when 432 is divided by j(8).
105
Suppose v = 203 - 18. Calculate the remainder when v is divided by 9.
5
Let i(d) = 33*d**2 + 37*d + 36. Let c(g) = 2*g**2 - 2*g. What is the remainder when i(-1) is divided by c(-2)?
8
Let j(a) = -110*a + 233. Let y be ((-3)/(-4) - 2)*-4. Suppose -s + 0*s - y*g - 18 = 0, 3*s = 4*g + 41. What is the remainder when j(2) is divided by s?
6
What is the remainder when 288 is divided by -2 + (-425)/(-10) + 15/6?
30
Let v(h) = -46*h - 362. What is the remainder when v(-12) is divided by 32?
30
Suppose p = -0*p + 5*t - 84, 4*t = -4. Let s = -59 - p. What is the remainder when s is divided by 11?
8
Let r = -37 + 39. Let q(i) = 3*i + 9. What is the remainder when 42 is divided by q(r)?
12
Let u = -38 - -27. Let r = 14 + u. Suppose 2*b - a - 8 = 24, r*b - 47 = 2*a. Calculate the remainder when b is divided by 9.
8
Suppose -35*n + 38*n - 405 = 0. Calculate the remainder when n is divided by 34.
33
Suppose 27*b - 29*b = 8, 5*u - 2*b = 128. Let s = 46 - -1. What is the remainder when s is divided by u?
23
Suppose 0 = 4*h - 2*h - 34. Suppose 6*k + h = 59. What is the remainder when 26 is divided by k?
5
Suppose -5*u = -4*f + 2310 + 1442, -1876 = -2*f - 4*u. What is the remainder when f is divided by 47?
45
Let q(y) = -y**3 + 15*y**2 - 15*y + 1. What is the remainder when q(6) is divided by 60?
55
Suppose -f - 15 = -5*c - 2*f, 3*c + f = 7. Let o be 0 - 2 - (-6 + 1). Suppose -c*d + o*d = -22. What is the remainder when d is divided by 6?
4
Let b be (0 - 2 - -1)*7. Let l(h) = -2*h**2 + 27. Calculate the remainder when l(0) is divided by (b/(-5))/((-1)/(-5)).
6
Suppose 2*w - 26 = 5*a + 2, 0 = 5*w - a - 47. Calculate the remainder when 9 is divided by w.
0
Let t(j) = -6*j**3 - 46*j**2 - 9*j - 5. Calculate the remainder when t(-8) is divided by 73.
49
Suppose -3*h - 64 = 152. Calculate the remainder when h/54 + (-80)/(-6) is divided by 4.
0
Let v = -2 + -1. Let i = v + -4. Let n = -2 - i. Calculate the remainder when 13 is divided by n.
3
Let r = 9 - 8. Let j be (r/2)/((-3)/(-24)). Suppose 2*p + 5*w - 10 = 140, 4*w - 288 = -j*p. What is the remainder when p is divided by 18?
16
Suppose 0*u + 5*u - 185 = 0. Let z = 42 - u. Suppose -4*v = 2*o - 3*v - 33, 4*o - 5*v = 73. What is the remainder when o is divided by z?
2
Suppose -o + 4*q = 1 + 2, -2*o - 4*q = -18. Suppose 5*p - o*d = 280, 180 = 2*p - d + 67. Let z = p + -37. Calculate the remainder when 39 is divided by z.
19
Suppose 4*p - y - 116 = 151, 2*y - 69 = -p. Calculate the remainder when 665 is divided by p.
62
Suppose o + 4*o - 2*c = 225, 45 = o - 2*c. Let d be (1 + 0)/(14/70). What is the remainder when o is divided by 2/((15/24)/d)?
13
Let o(s) = -s**3 - 5*s**2 - 3*s + 3. Let d be o(-3). Let l(x) = 4*x**2 - 3*x + 4. What is the remainder when l(d) is divided by 42?
40
Calculate the remainder when 1860/18 + 4*(-1)/(-6) is divided by 55.
49
Suppose -90*u + 322 = -1419 - 329. Calculate the remainder when 8*(198/(-8))/(-3) is divided by u.
20
Suppose -6*a + a = -25. Suppose 0 = -a*h + 10*h - 55. Let p(z) = 3*z**3 + z**2 + 2*z - 2. Calculate the remainder when p(2) is divided by h.
8
Let r(v) be the second derivative of v**4/4 + v**3/3 - 5*v**2/2 - 21*v. Let g = 32 - 11. What is the remainder when g is divided by r(2)?
10
Suppose -4*n = -8 - 44. Let h = 2486 - 2448. Calculate the remainder when h is divided by n.
12
Suppose -1 = -j, -2*c + 2*j + 24 + 14 = 0. Calculate the remainder when 88 is divided by c.
8
Let v(t) = -58*t + 200. Let f(l) = -6*l - 1. Calculate the remainder when v(3) is divided by f(-2).
4
Let p be 1/1 + (-8)/(-4). Suppose -5*g + 2 = -6*v + 2*v, -2*g = -p*v + 2. What is the remainder when 39 is divided by g/(-8) - (-81)/4?
19
Let h(m) = -m**3 + 10*m**2 - 11*m - 10. What is the remainder when 412 is divided by h(7)?
52
Let k be 1102/(-14) + 10/(-35). Let z = -36 - k. Let i(u) = u**3 + 13*u**2 + 10*u - 13. What is the remainder when z is divided by i(-12)?
10
What is the remainder when ((-36)/(-16))/(-3)*432/(-2) is divided by 15?
12
Suppose 2*m = -3*s + 78, 14*m - 18*m = 5*s - 156. Calculate the remainder when 1401 is divided by m.
36
Let x(v) = -16*v - 115. Calculate the remainder when 24 is divided by x(-8).
11
Calculate the remainder when 685 is divided by 2 + 35 - 24/(4 + -8).
40
Let c = -12 - -36. Let f = 16 - -4. Let s = f - 7. Calculate the remainder when c is divided by s.
11
Suppose 0*l + 19 = l. Suppose 25 = 10*y - 5*y. Suppose -y*j + 2*p = -359, -155 = -2*j - 4*p + p. Calculate